6*u + 11. List the prime factors of c(5).
881
List the prime factors of (19 - -5365) + (-2 - -1).
7, 769
Let f(s) = -s. Let l(w) = -w**2 - 16*w - 2*w - 14 - 8 + 5. Let o(u) = 6*f(u) - l(u). What are the prime factors of o(-12)?
17
Let k be (-1 - (-1 - -3))/1. Let u(a) = -36*a**2 - a. Let l(j) = -36*j**2 - j. Let x(v) = k*u(v) + 2*l(v). What are the prime factors of x(-1)?
5, 7
What are the prime factors of ((-81)/15*4)/((-4)/30)?
2, 3
Let g be (-1 - (-1 + -1))*-6. Suppose -2*r - 6 = -f - 0, 22 = -3*f - 2*r. Let j = f - g. What are the prime factors of j?
2
Suppose -21*w - 40 = -16*w. Let k(g) = 4*g**2 + 14*g + 29. What are the prime factors of k(w)?
173
Suppose -65 - 65 = -4*u + 2*j, -2*u + 5*j = -53. Let y = 4 + u. What are the prime factors of y?
2, 19
Suppose -2*z = -2*f - 3*f + 2, -f + 6 = z. Suppose 4 + z = 4*m. Suppose -m*t - 17 = -3*t. List the prime factors of t.
17
Let h(w) = 2*w**2 - 5*w + 3. Let n be h(3). Suppose 4*u - 1138 = 5*d, 4*u - 1134 = -3*d + n*d. List the prime factors of u.
2, 3, 47
Suppose -3*p - 3*x - 7330 = -5*p, -18304 = -5*p - 3*x. List the prime factors of p.
2, 1831
Let n(q) = -q**2 - 102*q - 3. List the prime factors of n(-31).
2, 7, 157
Let j(v) = -2 + 108*v + 0 + 1. Let q be j(2). What are the prime factors of 4/6 - q/(-15)?
3, 5
Let f(t) = 3*t - 8. Let l be f(5). Suppose -4*m = -l*m. Suppose z = m, -3*z = -2*j + 34 + 60. List the prime factors of j.
47
Suppose -z + t - 1 = -12, 0 = -4*z - 4*t + 12. List the prime factors of 181/7 + 1/z.
2, 13
Suppose -i = -4*y - 15, 4*y - 13 = 2*i - 31. Let p(v) be the first derivative of v**3 - v**2/2 + 4*v + 57. What are the prime factors of p(i)?
2, 7
Suppose -3113 = -14*a + 27183. List the prime factors of a.
2, 541
Let g(r) = -2*r**3 - 37*r**2 + 3*r + 130. List the prime factors of g(-20).
2, 5, 127
Suppose 2*t - 1813 = -0*y - 3*y, t = -2*y + 1208. List the prime factors of y.
3, 67
Let j = 678 + -251. List the prime factors of j.
7, 61
Let k be -1 - (1 - 3) - -4. Suppose 4*l - t - 305 = 0, -k*t + t = l - 55. List the prime factors of l.
3, 5
List the prime factors of (-1)/((-4)/12 + 1058/3192).
2, 7, 19
Suppose 0*c - 51 = 2*t + 3*c, -3*t = -2*c + 96. Let q be (28/(-5))/(12/t). Suppose q = 3*l - 37. What are the prime factors of l?
17
What are the prime factors of ((-2)/9*3)/((-12)/4050)?
3, 5
Let y(m) = -m**3 + 23*m**2 + 4*m + 25. List the prime factors of y(22).
3, 199
Let p = -23 - -44. Let t = p + -5. What are the prime factors of t?
2
Let i(h) = -57*h + 80. What are the prime factors of i(-15)?
5, 11, 17
Suppose -3*p + 8 + 3 = -v, 5*v - 21 = -4*p. Suppose -4*s - 283 = -h - p*h, -2*h + 103 = -5*s. What are the prime factors of h?
59
Let w(t) = 15 + 3*t + 21 + 11 + 9. What are the prime factors of w(0)?
2, 7
Let l(m) = -m**2 - 17*m - 11. Let v = 5 + -7. Let j be -10 - ((-2 - v) + 2). What are the prime factors of l(j)?
7
Let k = -2027 - -3218. What are the prime factors of k?
3, 397
Let l(g) = -g**3 + 14*g**2 - 8*g + 10. Let b be 9*((-15)/9 - -2). Suppose 0 = b*t - 50 + 11. What are the prime factors of l(t)?
3, 5
Let b = -1760 - -2230. What are the prime factors of b?
2, 5, 47
Let u(l) = 3*l**2 - 7. Let j = 38 + -33. What are the prime factors of u(j)?
2, 17
Let y = -2093 + 3464. What are the prime factors of y?
3, 457
Suppose 0 = -5*c - 2*t + 1161, -4*c + t + 3*t = -940. What are the prime factors of c?
233
Let m(x) = 6*x**2 + 31*x + 33. List the prime factors of m(-26).
7, 67
Let d(c) = c**2 + 3*c - 7. Let l be d(-5). Suppose -2*w + 4*t = 12 + 36, l*w - 4*t + 62 = 0. Let a = -9 - w. List the prime factors of a.
5
What are the prime factors of 7682/18 + (-98)/(-441)?
7, 61
Let g be 2 - (-2 + 2 - 2). Let d(w) = w**3 - w + 79. Let k be d(0). Suppose 4*b - k + 3 = -2*z, 0 = -g*b - 4*z + 68. List the prime factors of b.
3, 7
Suppose 752 = 4*h - 4*k, 572 = 4*h - k - 180. What are the prime factors of h?
2, 47
Let f(x) be the third derivative of x**5/60 + x**4/24 - 17*x**3/6 + 9*x**2. List the prime factors of f(11).
5, 23
Suppose -h + 5*s + 40 = -0*s, 0 = 5*h - s - 176. Let g = 87 - -50. Suppose -4*q = -g - h. List the prime factors of q.
43
Suppose 0 = -2*v - 2*o + o + 584, -874 = -3*v - 2*o. Suppose 3*b - 167 = -5*j + 3*j, -4*j + v = -2*b. What are the prime factors of j?
2, 19
Let f(b) = 33*b - 251. List the prime factors of f(26).
607
Let f be (1 - -5)*(6 + -5). Suppose -f = -3*m, -m = 2*u - 3*m. Suppose 5 = z + 3*n, -u*n - n + 9 = 3*z. What are the prime factors of z?
2
Let m(l) be the first derivative of l**3/3 + 4*l**2 - 2*l - 1. Suppose 0 = 9*u - 4*u + 45. List the prime factors of m(u).
7
Let u(o) = o**3 - 15*o**2 + 4*o + 1. Suppose 40 + 50 = 5*n + 5*a, -3*a + 69 = 4*n. What are the prime factors of u(n)?
61
Suppose 3*r - 1961 = -t, 3*r - 8*r + 3271 = t. List the prime factors of r.
5, 131
Let i = 102 - -220. List the prime factors of i.
2, 7, 23
Let n = 0 - 18. Let k(p) = -p**2 - 21*p - 24. List the prime factors of k(n).
2, 3, 5
Suppose 0 = -2*c + 158 + 156. What are the prime factors of c?
157
Suppose 2*v + 15 - 61 = 0. Suppose -z - z = 5*m + 3, 0 = 2*z - 4*m - 6. Suppose -a = -v - z. What are the prime factors of a?
2, 3
Suppose q - 7 + 2 = 0. Suppose 0 = -q*i - 2*l + 297, -5*l = -3*i + 4*i - 64. List the prime factors of i.
59
Let j = 1108 + -62. List the prime factors of j.
2, 523
Suppose -3*f = -11 - 1, 0 = 4*r + 5*f - 3692. What are the prime factors of r?
2, 3, 17
Suppose 5*b - 10 = x, 5*x - b = 2*b + 16. Suppose x*w - 84 = -o, 4*w - 44 = -0*o + 5*o. List the prime factors of w.
2
Suppose h - 3*w = -4*h + 746, -h - 5*w = -138. Suppose k - 4*y = 87, 181 = 4*k + 3*y - h. What are the prime factors of k?
83
List the prime factors of ((-526054)/249)/((-4)/6).
3169
Let i = 438 + -259. Suppose 5*r - i = 166. What are the prime factors of r?
3, 23
Let q = 82 + -80. Suppose 0 = -5*t + q*x + 1584, 3*x - 4*x - 950 = -3*t. What are the prime factors of t?
2, 79
Let w = -59 + 162. What are the prime factors of w?
103
Let f(k) = -14*k**3 + 9*k**2 - 14*k + 5. Let t(j) = -5*j**3 + 3*j**2 - 5*j + 2. Let w = 10 + -16. Let d(c) = w*f(c) + 17*t(c). List the prime factors of d(-3).
7
Suppose -2*u + 3*u - 4*k = 38, -7 = u + 5*k. Suppose -g = -4*g + u. Let p = -1 + g. What are the prime factors of p?
5
Let r = 1784 + -1138. What are the prime factors of r?
2, 17, 19
Suppose 5*z - 21 = 49. Let h = -12 + z. What are the prime factors of (11 - -5) + (-6)/h?
13
Let z(j) = 3*j**3 - 3*j**2 - 2*j - 3. Let a(h) = h**3. Let y(w) = -5*a(w) + z(w). List the prime factors of y(-3).
2, 3, 5
Let f(x) = 5*x**2 + 2*x + 1. Let m be (2/6)/((-3)/9). Let t be f(m). Suppose -v + t*v - 120 = 0. List the prime factors of v.
2, 5
Let g(c) = 3*c + 17. Let n be g(-8). Let y(s) = s**3 + 9*s**2 + 3*s - 3. What are the prime factors of y(n)?
2, 37
Let m be (4/(-14))/(18/252). What are the prime factors of (-3)/(-6)*m*(-3 + -123)?
2, 3, 7
What are the prime factors of ((-87)/6)/((-3)/714)?
7, 17, 29
Suppose w - 2 = 3. Suppose w*l - 265 = 6*v - 4*v, -2*v = -3*l + 155. List the prime factors of l.
5, 11
Let m(n) = 15*n**2 + n - 1. Let v be m(2). Let z = v + -19. What are the prime factors of z?
2, 3, 7
Let j(t) = 7*t**2 + 0 - 7*t**3 + 3 + 5 - 13*t + 8*t**3. List the prime factors of j(-7).
3, 11
Let l(v) = 14*v - 80. What are the prime factors of l(17)?
2, 79
Let o(g) = g**3 + 5*g**2 + 4. Let f be o(-4). Suppose 3*d = -2*d - f, -2*d - 60 = 2*y. Let v = y - -54. What are the prime factors of v?
2, 7
Suppose 0 = -2*i - 20 + 100. Suppose i = h - s - 3*s, 0 = -2*h - 3*s + 25. What are the prime factors of h?
2, 5
Suppose -148 = -p + 5*k, 2*k = -2*p + 133 + 175. Suppose -6 = -2*s, -4*f = -s - 766 + p. What are the prime factors of f?
2, 7, 11
Suppose -2*l + 52 - 30 = 0. Suppose -410 = -16*y + l*y. List the prime factors of y.
2, 41
Let g = 427 + 164. List the prime factors of g.
3, 197
Suppose -2 + 6 = -4*d. Let v be d + (2 - -1) + -15. Let r = v + 43. List the prime factors of r.
2, 3, 5
What are the prime factors of (-103851)/(-55) + (-6)/5?
3, 17, 37
Let u(i) = -i**2 - 11*i + 6. Suppose d - 5*d - 44 = 0. Let w be u(d). What are the prime factors of w/((-5)/(60/(-8)))?
3
Let l be (-28)/(-3 - 28/(-12)). Suppose 20*g - 18*g = l. List the prime factors of g.
3, 7
Let q be 351/9 + (-2 + 5 - 4). Suppose -3*n + 